{"id":649,"date":"2025-06-20T09:15:33","date_gmt":"2025-06-20T09:15:33","guid":{"rendered":"https:\/\/schweizerschuerze.ch\/?post_type=product&#038;p=649"},"modified":"2025-11-15T10:21:49","modified_gmt":"2025-11-15T10:21:49","slug":"tablier-homme-noir","status":"publish","type":"product","link":"https:\/\/schweizerschuerze.ch\/fr\/produkt\/tablier-homme-noir\/","title":{"rendered":"Tablier homme, Noir"},"content":{"rendered":"<p>Tendance, robuste, pratique et unique !<br \/>\nTendance gr\u00e2ce \u00e0 la coupe et aux superbes designs qui allient tradition et \u00e9l\u00e9gance.<br \/>\nRobuste gr\u00e2ce au mat\u00e9riau antisalissure.<br \/>\nClipser &#8211; pas de lacets &#8211; pas de machine \u00e0 laver.<br \/>\nLe tablier est enti\u00e8rement fabriqu\u00e9 en Suisse.<br \/>\nPour la production, nous collaborons en partie avec des institutions pour personnes handicap\u00e9es.<br \/>\nAinsi, le tablier devient indispensable du m\u00e9nage \u00e0 l&rsquo;atelier.<\/p>\n<p>Taille : S, M, L<br \/>\nLivraison gratuite en Suisse<\/p>\n","protected":false},"excerpt":{"rendered":"<p>Tendance, robuste, pratique et unique ! Tendance gr\u00e2ce \u00e0 la coupe et aux superbes designs qui allient tradition et \u00e9l\u00e9gance. Robuste gr\u00e2ce au mat\u00e9riau antisalissure. Clipser &#8211; pas de lacets &#8211; pas de machine \u00e0 laver. Le tablier est enti\u00e8rement fabriqu\u00e9 en Suisse. Pour la production, nous collaborons en partie avec des institutions pour personnes [&hellip;]<\/p>\n","protected":false},"featured_media":651,"comment_status":"open","ping_status":"closed","template":"","meta":{"_acf_changed":false,"_seopress_robots_primary_cat":"none","_seopress_titles_title":"Tablier suisse unique et robuste. Livr\u00e9 \u00e0 domicile","_seopress_titles_desc":"D\u00e9couvrez des tabliers tendance - \u00e9l\u00e9gants & robustes, fabriqu\u00e9s en Suisse. Pratiques sans attaches, id\u00e9aux pour la maison & l'atelier. Livraison gratuite CH.","_seopress_robots_index":""},"product_brand":[],"product_cat":[47],"product_tag":[],"class_list":{"0":"post-649","1":"product","2":"type-product","3":"status-publish","4":"has-post-thumbnail","6":"product_cat-hommes","8":"first","9":"instock","10":"shipping-taxable","11":"purchasable","12":"product-type-simple"},"acf":[],"_links":{"self":[{"href":"https:\/\/schweizerschuerze.ch\/fr\/wp-json\/wp\/v2\/product\/649","targetHints":{"allow":["GET"]}}],"collection":[{"href":"https:\/\/schweizerschuerze.ch\/fr\/wp-json\/wp\/v2\/product"}],"about":[{"href":"https:\/\/schweizerschuerze.ch\/fr\/wp-json\/wp\/v2\/types\/product"}],"replies":[{"embeddable":true,"href":"https:\/\/schweizerschuerze.ch\/fr\/wp-json\/wp\/v2\/comments?post=649"}],"wp:featuredmedia":[{"embeddable":true,"href":"https:\/\/schweizerschuerze.ch\/fr\/wp-json\/wp\/v2\/media\/651"}],"wp:attachment":[{"href":"https:\/\/schweizerschuerze.ch\/fr\/wp-json\/wp\/v2\/media?parent=649"}],"wp:term":[{"taxonomy":"product_brand","embeddable":true,"href":"https:\/\/schweizerschuerze.ch\/fr\/wp-json\/wp\/v2\/product_brand?post=649"},{"taxonomy":"product_cat","embeddable":true,"href":"https:\/\/schweizerschuerze.ch\/fr\/wp-json\/wp\/v2\/product_cat?post=649"},{"taxonomy":"product_tag","embeddable":true,"href":"https:\/\/schweizerschuerze.ch\/fr\/wp-json\/wp\/v2\/product_tag?post=649"}],"curies":[{"name":"wp","href":"https:\/\/api.w.org\/{rel}","templated":true}]}}

<p>Tendance, robuste, pratique et unique !<br />
Tendance grâce à la coupe et aux superbes designs qui allient tradition et élégance.<br />
Robuste grâce au matériau antisalissure.<br />
Clipser &#8211; pas de lacets &#8211; pas de machine à laver.<br />
Le tablier est entièrement fabriqué en Suisse.<br />
Pour la production, nous collaborons en partie avec des institutions pour personnes handicapées.<br />
Ainsi, le tablier devient indispensable du ménage à l&rsquo;atelier.</p>
<p>Taille : S, M, L<br />
Livraison gratuite en Suisse</p>

<p>Tendance, robuste, pratique et unique ! Tendance grâce à la coupe et aux superbes designs qui allient tradition et élégance. Robuste grâce au matériau antisalissure. Clipser &#8211; pas de lacets &#8211; pas de machine à laver. Le tablier est entièrement fabriqué en Suisse. Pour la production, nous collaborons en partie avec des institutions pour personnes [&hellip;]</p>

Tablier suisse unique et robuste. Livré à domicile

Découvrez des tabliers tendance - élégants & robustes, fabriqués en Suisse. Pratiques sans attaches, idéaux pour la maison & l'atelier. Livraison gratuite CH.
